{"id":957,"date":"2018-10-12T14:25:18","date_gmt":"2018-10-12T12:25:18","guid":{"rendered":"http:\/\/www.olafixar.nu\/?page_id=69"},"modified":"2026-01-02T20:43:04","modified_gmt":"2026-01-02T19:43:04","slug":"aktiviteter-2","status":"publish","type":"page","link":"https:\/\/treaviatorer.se\/?page_id=957","title":{"rendered":"Kalendarium"},"content":{"rendered":"\r\n<p><img loading=\"lazy\" decoding=\"async\" class=\"size-large wp-image-1850 alignnone\" src=\"https:\/\/treaviatorer.se\/wp-content\/uploads\/2026\/01\/nyarsdag2026-1024x571.jpg\" alt=\"\" width=\"640\" height=\"357\" srcset=\"https:\/\/treaviatorer.se\/wp-content\/uploads\/2026\/01\/nyarsdag2026-1024x571.jpg 1024w, https:\/\/treaviatorer.se\/wp-content\/uploads\/2026\/01\/nyarsdag2026-300x167.jpg 300w, https:\/\/treaviatorer.se\/wp-content\/uploads\/2026\/01\/nyarsdag2026-768x428.jpg 768w, https:\/\/treaviatorer.se\/wp-content\/uploads\/2026\/01\/nyarsdag2026.jpg 1477w\" sizes=\"auto, (max-width: 640px) 100vw, 640px\" \/><br \/>Ny\u00e5rsdag 2026 .<\/p>\r\n<section class=\"entry-content clearfix\">\r\n<h2 class=\"tablepress-table-name tablepress-table-name-id-4\">Verksamhet 2026<\/h2>\r\n\n<table id=\"tablepress-23\" class=\"tablepress tablepress-id-23\">\n<thead>\n<tr class=\"row-1\">\n\t<th class=\"column-1\">Datum<\/th><th class=\"column-2\">Aktivitet<\/th><th class=\"column-3\">Tid<\/th><th class=\"column-4\">Plats<\/th>\n<\/tr>\n<\/thead>\n<tbody class=\"row-striping row-hover\">\n<tr class=\"row-2\">\n\t<td class=\"column-1\">28\/3<\/td><td class=\"column-2\">Inomhusflyg<\/td><td class=\"column-3\">15.00 - 18.00<\/td><td class=\"column-4\">Sporthallen Hammenh\u00f6g<\/td>\n<\/tr>\n<tr class=\"row-3\">\n\t<td class=\"column-1\">6\/4<\/td><td class=\"column-2\">V\u00e5rst\u00e4dning och medlemsm\u00f6te<\/td><td class=\"column-3\">10.00<\/td><td class=\"column-4\">Janlanda<\/td>\n<\/tr>\n<tr class=\"row-4\">\n\t<td class=\"column-1\">30\/5<\/td><td class=\"column-2\">V\u00e5rmeeting<\/td><td class=\"column-3\">13.00<\/td><td class=\"column-4\">Janlanda<\/td>\n<\/tr>\n<tr class=\"row-5\">\n\t<td class=\"column-1\">29-30\/8<\/td><td class=\"column-2\">Sensommarmeeting<br \/>\nModellflygets dag<\/td><td class=\"column-3\">13.00<\/td><td class=\"column-4\">Janlanda<\/td>\n<\/tr>\n<tr class=\"row-6\">\n\t<td class=\"column-1\">3\/10<\/td><td class=\"column-2\">Medlemsm\u00f6te <br \/>\nStart inomhusflyg<\/td><td class=\"column-3\">15.00<\/td><td class=\"column-4\">Sporthallen Hammenh\u00f6g<\/td>\n<\/tr>\n<tr class=\"row-7\">\n\t<td class=\"column-1\">12\/12<\/td><td class=\"column-2\">Avslutning inomhusflyg<\/td><td class=\"column-3\">15.00<\/td><td class=\"column-4\">Sporthallen Hammenh\u00f6g<\/td>\n<\/tr>\n<tr class=\"row-8\">\n\t<td class=\"column-1\">1\/1<\/td><td class=\"column-2\">Ny\u00e5rsflyg<\/td><td class=\"column-3\">13.00<\/td><td class=\"column-4\">Janlanda<\/td>\n<\/tr>\n<tr class=\"row-9\">\n\t<td class=\"column-1\">26\/1<\/td><td class=\"column-2\">\u00c5rsm\u00f6te <br \/>\nInomhusflyg<\/td><td class=\"column-3\">15.00<\/td><td class=\"column-4\">Sporthallen Hammenh\u00f6g<\/td>\n<\/tr>\n<\/tbody>\n<\/table>\n<!-- #tablepress-23 from cache -->\r\n<\/section>","protected":false},"excerpt":{"rendered":"<p>Ny\u00e5rsdag 2026 . Verksamhet 2026<\/p>\n","protected":false},"author":1,"featured_media":0,"parent":0,"menu_order":0,"comment_status":"closed","ping_status":"closed","template":"","meta":{"footnotes":""},"class_list":["post-957","page","type-page","status-publish","hentry"],"_links":{"self":[{"href":"https:\/\/treaviatorer.se\/index.php?rest_route=\/wp\/v2\/pages\/957","targetHints":{"allow":["GET"]}}],"collection":[{"href":"https:\/\/treaviatorer.se\/index.php?rest_route=\/wp\/v2\/pages"}],"about":[{"href":"https:\/\/treaviatorer.se\/index.php?rest_route=\/wp\/v2\/types\/page"}],"author":[{"embeddable":true,"href":"https:\/\/treaviatorer.se\/index.php?rest_route=\/wp\/v2\/users\/1"}],"replies":[{"embeddable":true,"href":"https:\/\/treaviatorer.se\/index.php?rest_route=%2Fwp%2Fv2%2Fcomments&post=957"}],"version-history":[{"count":25,"href":"https:\/\/treaviatorer.se\/index.php?rest_route=\/wp\/v2\/pages\/957\/revisions"}],"predecessor-version":[{"id":1861,"href":"https:\/\/treaviatorer.se\/index.php?rest_route=\/wp\/v2\/pages\/957\/revisions\/1861"}],"wp:attachment":[{"href":"https:\/\/treaviatorer.se\/index.php?rest_route=%2Fwp%2Fv2%2Fmedia&parent=957"}],"curies":[{"name":"wp","href":"https:\/\/api.w.org\/{rel}","templated":true}]}}