{"id":27,"date":"2018-10-12T13:09:40","date_gmt":"2018-10-12T11:09:40","guid":{"rendered":"http:\/\/www.olafixar.nu\/?page_id=27"},"modified":"2025-09-08T12:49:36","modified_gmt":"2025-09-08T10:49:36","slug":"start","status":"publish","type":"page","link":"https:\/\/treaviatorer.se\/","title":{"rendered":""},"content":{"rendered":"<p style=\"text-align: left;\">Klubben \u00e4r hemmah\u00f6rande p\u00e5 \u00d6sterlen n\u00e4rmare best\u00e4mt strax norr om Kivik d\u00e4r vi har v\u00e5rt natursk\u00f6na flygf\u00e4lt Janlanda.<\/p>\n<p>Ni hittar oss p\u00e5 Janlanda de flesta helg eftermiddagar n\u00e4r v\u00e4dret till\u00e5ter. Vi brukar skriva p\u00e5 i v\u00e5r Facebookgrupp n\u00e4r vi \u00e4r d\u00e4r. Det finns en l\u00e4nk till v\u00e5r Facebookgrupp i h\u00f6ger marginalen, klicka p\u00e5 Facebook ikonen.<\/p>\n<p>F\u00f6r de som \u00e4r intresserade av att prova p\u00e5 att styra ett radiostyrt flygplan har vi skolflygplan med dubbelkommando. <a href=\"http:\/\/www.treaviatorer.se\/?page_id=740\">F\u00f6r mer info klicka h\u00e4r.<\/a><\/p>\n<p>Du kan kolla hur mycket det bl\u00e5ser p\u00e5 n\u00e4rliggande Ravlunda skjutf\u00e4lt.<br \/>\n<strong><a href=\"http:\/\/holfuy.com\/en\/data\/126\" target=\"_blank\" rel=\"noopener noreferrer\">Klubb Parapente, Ravlunda<\/a><\/strong><\/p>\n<p>&nbsp;<\/p>\n<p><img loading=\"lazy\" decoding=\"async\" class=\"size-full wp-image-1761 aligncenter\" src=\"https:\/\/treaviatorer.se\/wp-content\/uploads\/2024\/08\/JHL-brosarp.png\" alt=\"\" width=\"160\" height=\"110\" \/><\/p>\n<p>&nbsp;<\/p>\n<p><img loading=\"lazy\" decoding=\"async\" class=\"size-medium wp-image-1612 aligncenter\" src=\"http:\/\/www.treaviatorer.se\/wp-content\/uploads\/2022\/12\/JHL-B-ram-horisontal-300x152.jpg\" alt=\"\" width=\"300\" height=\"152\" srcset=\"https:\/\/treaviatorer.se\/wp-content\/uploads\/2022\/12\/JHL-B-ram-horisontal-300x152.jpg 300w, https:\/\/treaviatorer.se\/wp-content\/uploads\/2022\/12\/JHL-B-ram-horisontal-1024x518.jpg 1024w, https:\/\/treaviatorer.se\/wp-content\/uploads\/2022\/12\/JHL-B-ram-horisontal-768x388.jpg 768w, https:\/\/treaviatorer.se\/wp-content\/uploads\/2022\/12\/JHL-B-ram-horisontal.jpg 1135w\" sizes=\"auto, (max-width: 300px) 100vw, 300px\" \/><\/p>\n<p><a href=\"http:\/\/clk.tradedoubler.com\/click?p=23365&amp;a=2176386&amp;g=20751698&amp;EPI=11271&amp;url=https:\/\/www.svenskaspel.se\/grasroten\/forening\/25924-mk-3-aviatorer\" target=\"_blank\" rel=\"noopener noreferrer\"><img loading=\"lazy\" decoding=\"async\" class=\"aligncenter\" src=\"http:\/\/vht.tradedoubler.com\/file\/23365\/2018-09-03\/154x216par.gif\" alt=\"\" width=\"154\" height=\"216\" \/><\/a><\/p>\n","protected":false},"excerpt":{"rendered":"<p>Klubben \u00e4r hemmah\u00f6rande p\u00e5 \u00d6sterlen n\u00e4rmare best\u00e4mt strax norr om Kivik d\u00e4r vi har v\u00e5rt natursk\u00f6na flygf\u00e4lt Janlanda. Ni hittar oss p\u00e5 Janlanda de flesta helg eftermiddagar n\u00e4r v\u00e4dret till\u00e5ter. Vi brukar skriva p\u00e5 i v\u00e5r Facebookgrupp n\u00e4r vi \u00e4r d\u00e4r. Det finns en l\u00e4nk till v\u00e5r Facebookgrupp i h\u00f6ger <a href=\"https:\/\/treaviatorer.se\/\" class=\"btn btn-link continue-link\">Forts\u00e4tt l\u00e4sa<\/a><\/p>\n","protected":false},"author":1,"featured_media":529,"parent":0,"menu_order":0,"comment_status":"closed","ping_status":"closed","template":"","meta":{"footnotes":""},"class_list":["post-27","page","type-page","status-publish","has-post-thumbnail","hentry"],"_links":{"self":[{"href":"https:\/\/treaviatorer.se\/index.php?rest_route=\/wp\/v2\/pages\/27","targetHints":{"allow":["GET"]}}],"collection":[{"href":"https:\/\/treaviatorer.se\/index.php?rest_route=\/wp\/v2\/pages"}],"about":[{"href":"https:\/\/treaviatorer.se\/index.php?rest_route=\/wp\/v2\/types\/page"}],"author":[{"embeddable":true,"href":"https:\/\/treaviatorer.se\/index.php?rest_route=\/wp\/v2\/users\/1"}],"replies":[{"embeddable":true,"href":"https:\/\/treaviatorer.se\/index.php?rest_route=%2Fwp%2Fv2%2Fcomments&post=27"}],"version-history":[{"count":35,"href":"https:\/\/treaviatorer.se\/index.php?rest_route=\/wp\/v2\/pages\/27\/revisions"}],"predecessor-version":[{"id":1813,"href":"https:\/\/treaviatorer.se\/index.php?rest_route=\/wp\/v2\/pages\/27\/revisions\/1813"}],"wp:featuredmedia":[{"embeddable":true,"href":"https:\/\/treaviatorer.se\/index.php?rest_route=\/wp\/v2\/media\/529"}],"wp:attachment":[{"href":"https:\/\/treaviatorer.se\/index.php?rest_route=%2Fwp%2Fv2%2Fmedia&parent=27"}],"curies":[{"name":"wp","href":"https:\/\/api.w.org\/{rel}","templated":true}]}}