{"id":1191,"date":"2019-10-17T18:11:31","date_gmt":"2019-10-17T16:11:31","guid":{"rendered":"http:\/\/www.treaviatorer.se\/?page_id=1191"},"modified":"2023-08-23T15:12:46","modified_gmt":"2023-08-23T13:12:46","slug":"uppdatering-vaderstation","status":"publish","type":"page","link":"https:\/\/treaviatorer.se\/?page_id=1191","title":{"rendered":"Uppdatering V\u00e4derstation."},"content":{"rendered":"<p>20191007. Jag har testat att ansluta Raspberry&#8217;n till v\u00e5rt internet modem och kommunikationen mot v\u00e5r hemsida fungerar som den ska. Tillsvidare anv\u00e4nder jag mitt internet f\u00f6r att spara p\u00e5 v\u00e5r surfpott.<\/p>\n<p>20191010. Peter och jag har f\u00f6rberett montering av v\u00e4derstationen p\u00e5 Janlanda. Vi har gr\u00e4vt ned en kabel f\u00f6r str\u00f6mf\u00f6rs\u00f6rjningen och unders\u00f6kt hur r\u00f6ret som sensorerna ska sitta p\u00e5 ska monteras. Mycket \u00e5terst\u00e5r, svetsa monteringsanordning f\u00f6r r\u00f6ret osv.<\/p>\n<p>20191013. Jag har monterat sensorerna till v\u00e4derstationen p\u00e5 mitt balkongr\u00e4cke. Vind datat blir lite missvisande eftersom den inte sitter fritt dessutom \u00e4r vindriktningen fel eftersom jag inte har kalibrerat riktningen. Jag har best\u00e4llt sp\u00e4nningsregulatorer varav den ena ska l\u00f6das in i d\u00e4r batterierna sitter i sensor paketet. Vi vill inte montera ned det f\u00f6r att byta batterier utan vi matar 12V som vi sedan reglerar till 5V. De \u00f6vriga regulatorerna ska anv\u00e4ndas till internet modemet och Rasberry&#8217;n.<\/p>\n<p>20191017. Jag har anslutit en pi-cam modul till Raspberry&#8217;n och riggat den mot f\u00f6nstret i mitt vardags rum. Bilden nedan \u00e4r tagen kl 18.00 med en uppl\u00f6sning p\u00e5 800&#215;600 pixels. Det borde r\u00e4cka f\u00f6r att se vad det \u00e4r f\u00f6r v\u00e4der.<\/p>\n<p><img loading=\"lazy\" decoding=\"async\" class=\"size-full wp-image-1195 alignnone\" src=\"http:\/\/www.treaviatorer.se\/wp-content\/uploads\/2019\/10\/800x600-18.00.jpg\" alt=\"\" width=\"800\" height=\"600\" srcset=\"https:\/\/treaviatorer.se\/wp-content\/uploads\/2019\/10\/800x600-18.00.jpg 800w, https:\/\/treaviatorer.se\/wp-content\/uploads\/2019\/10\/800x600-18.00-300x225.jpg 300w, https:\/\/treaviatorer.se\/wp-content\/uploads\/2019\/10\/800x600-18.00-768x576.jpg 768w\" sizes=\"auto, (max-width: 800px) 100vw, 800px\" \/><\/p>\n<p>Tanken \u00e4r att ta en bild varje kvart mellan 08.00 och 18.00 och visa de senast tagna bilderna p\u00e5 hemsidan s\u00e5 det g\u00e5r att se sikt f\u00f6rh\u00e5llandena p\u00e5 Janlanda. Jag kommer att laborera med uppdaterings intervaller och hur mycket data som visas f\u00f6r att optimera datam\u00e4ngden som skickas till v\u00e5r hemsida s\u00e5 den inte \u00f6verstiger den surfpott vi kommer att ha varje m\u00e5nad.<\/p>\n<p>Jag beh\u00f6ver skriva en hel del kod f\u00f6r att f\u00e5 allt att fungera. Det finns en del jag beh\u00f6ver l\u00e4ra mig men det g\u00e5r fram\u00e5t.<\/p>\n<p>20191018. Jag har skapat en ny sida som heter V\u00e4derbilder, den ligger under menyn F\u00e4ltet. Den visar de fyra senaste bilderna tagna med pi-cam. Det tas en bild i kvarten mellan 08.00 och 18.00.<\/p>\n<p>20191020. Jobbar med att f\u00e5 ned data m\u00e4ngden som skickas mellan servrarna. V\u00e4derbilderna \u00e4r nu 800&#215;600 pixlar det kanske r\u00e4cker med 600&#215;400. N\u00e4r det \u00e4r klart s\u00e5 ska jag unders\u00f6ka inst\u00e4llningarna f\u00f6r pi-cam modulen f\u00f6r att se vad man kan g\u00f6ra med f\u00e4rgbalans, ljusstyrka och kontrast.<\/p>\n<p>20191023. Jag har f\u00e5tt ned datam\u00e4ngden till ca 800 Kb det ger ungef\u00e4r 1,4 Gb per m\u00e5nad (800x4x14x30) det billigaste internet abonnemanget just nu \u00e4r Hallon som har 5Gb\/m\u00e5nad f\u00f6r 89kr\/m\u00e5nad. Detta ligger inom budget. N\u00e4sta steg \u00e4r att bygga str\u00f6mf\u00f6rs\u00f6rjning, v\u00e4derstationen kommer vara offline d\u00e5 jag kommer att modifiera den f\u00f6r extern str\u00f6mf\u00f6rs\u00f6rjning. Jag beh\u00f6ver \u00e4ven komma p\u00e5 hur jag ska montera pi-cam modulen. N\u00e4r jag \u00e4r klar med detta s\u00e5 \u00e4r det dags att montera allt uppe p\u00e5 Janlanda.<\/p>\n<p><img loading=\"lazy\" decoding=\"async\" class=\"size-full wp-image-1223 alignnone\" src=\"http:\/\/www.treaviatorer.se\/wp-content\/uploads\/2019\/11\/rasp-1.jpg\" alt=\"\" width=\"640\" height=\"321\" srcset=\"https:\/\/treaviatorer.se\/wp-content\/uploads\/2019\/11\/rasp-1.jpg 640w, https:\/\/treaviatorer.se\/wp-content\/uploads\/2019\/11\/rasp-1-300x150.jpg 300w\" sizes=\"auto, (max-width: 640px) 100vw, 640px\" \/><img loading=\"lazy\" decoding=\"async\" class=\"size-full wp-image-1222 alignnone\" src=\"http:\/\/www.treaviatorer.se\/wp-content\/uploads\/2019\/11\/rasp-2.jpg\" alt=\"\" width=\"640\" height=\"475\" srcset=\"https:\/\/treaviatorer.se\/wp-content\/uploads\/2019\/11\/rasp-2.jpg 640w, https:\/\/treaviatorer.se\/wp-content\/uploads\/2019\/11\/rasp-2-300x223.jpg 300w\" sizes=\"auto, (max-width: 640px) 100vw, 640px\" \/><\/p>\n<p>20191113. Har jobbat med Rasberryn. Den monteras i en l\u00e5da ihop med pi-cam modulen. Jag har valt en d-sub 25 som kontakt f\u00f6r sp\u00e4nningsmatning och I\/O signaler. Jag kommer att bygga en modul med rel\u00e4er och optokopplare f\u00f6r larmgivare, siren och led-belysning. Modulen kommer jag montera i en annan l\u00e5da den kommer \u00e4ven ineh\u00e5lla en regulator f\u00f6r str\u00f6mf\u00f6rs\u00f6rjningen.<\/p>\n<p>20191124. P\u00e5 n\u00e5got s\u00e4tt lyckades jag med att f\u00f6rst\u00f6ra sd minnet. Givetvis fanns det ingen backup. Bara att b\u00f6rja om fr\u00e5n b\u00f6rjan med installation av os och program och sedan konfigurera allt. Ni kan tro att jag tar en backup regelbundet fr\u00e5n och med nu.<\/p>\n<p><img loading=\"lazy\" decoding=\"async\" class=\"size-full wp-image-1241 alignnone\" src=\"http:\/\/www.treaviatorer.se\/wp-content\/uploads\/2019\/12\/vstation.jpg\" alt=\"\" width=\"640\" height=\"478\" srcset=\"https:\/\/treaviatorer.se\/wp-content\/uploads\/2019\/12\/vstation.jpg 640w, https:\/\/treaviatorer.se\/wp-content\/uploads\/2019\/12\/vstation-300x224.jpg 300w\" sizes=\"auto, (max-width: 640px) 100vw, 640px\" \/><\/p>\n<p><img loading=\"lazy\" decoding=\"async\" class=\"size-full wp-image-1239 alignnone\" src=\"http:\/\/www.treaviatorer.se\/wp-content\/uploads\/2019\/12\/vstat-batt.jpg\" alt=\"\" width=\"640\" height=\"593\" srcset=\"https:\/\/treaviatorer.se\/wp-content\/uploads\/2019\/12\/vstat-batt.jpg 640w, https:\/\/treaviatorer.se\/wp-content\/uploads\/2019\/12\/vstat-batt-300x278.jpg 300w\" sizes=\"auto, (max-width: 640px) 100vw, 640px\" \/><\/p>\n<p>20191207. Monterat en sp\u00e4nningsregulator i huvudsensorn till v\u00e4derstationen s\u00e5 vi slipper kl\u00e4ttra upp till den f\u00f6r att byta batterier.<br \/>\nN\u00e4sta steg \u00e4r att tillverka kablage som ska dras mellan Raspberryn och l\u00e5dan med str\u00f6mf\u00f6rs\u00f6rjning, rel\u00e4n och optokopplare.<\/p>\n<p><img loading=\"lazy\" decoding=\"async\" class=\"size-full wp-image-1240 alignnone\" src=\"http:\/\/www.treaviatorer.se\/wp-content\/uploads\/2019\/12\/sensorer-byggsats.jpg\" alt=\"\" width=\"640\" height=\"527\" srcset=\"https:\/\/treaviatorer.se\/wp-content\/uploads\/2019\/12\/sensorer-byggsats.jpg 640w, https:\/\/treaviatorer.se\/wp-content\/uploads\/2019\/12\/sensorer-byggsats-300x247.jpg 300w\" sizes=\"auto, (max-width: 640px) 100vw, 640px\" \/><\/p>\n<p>Byggsatserna f\u00f6r rel\u00e4kort och optokopplare har kommit. S\u00e5 d\u00e4r finns det mer jobb att g\u00f6ra.<\/p>\n<p>20191226 Huvudsensorn \u00e4r p\u00e5 plats p\u00e5 Janlanda. \u00c5terst\u00e5r att montera en box f\u00f6r s\u00e4kring och str\u00f6mbrytare p\u00e5 stolpen.<br \/>\nDags att bygga I\/O-boxen som ska inneh\u00e5lla en sp\u00e4nningsregulator f\u00f6r str\u00f6mf\u00f6rs\u00f6rjning och I\/O korten f\u00f6r \u00f6vervakningen.<\/p>\n<p>20200103 Jag har placerat raspen i f\u00f6nstret till mitt arbetsrum med det nya kablaget monterat. V\u00e4derbilderna blir inte bra, jag beh\u00f6ver putsa f\u00f6nstret och st\u00e4lla in sk\u00e4rpan p\u00e5 kameran men det f\u00e5r v\u00e4nta ett tag s\u00e5 bilderna f\u00e5r vara suddiga. Just nu \u00e4r funktionen det enda som betyder n\u00e5got.<\/p>\n<p><img loading=\"lazy\" decoding=\"async\" class=\"size-full wp-image-1252 alignnone\" src=\"http:\/\/www.treaviatorer.se\/wp-content\/uploads\/2020\/01\/io-box.jpg\" alt=\"\" width=\"600\" height=\"520\" srcset=\"https:\/\/treaviatorer.se\/wp-content\/uploads\/2020\/01\/io-box.jpg 600w, https:\/\/treaviatorer.se\/wp-content\/uploads\/2020\/01\/io-box-300x260.jpg 300w\" sizes=\"auto, (max-width: 600px) 100vw, 600px\" \/><\/p>\n<p>20200107 I\/O boxen b\u00f6rjar bli klar. Kontakter f\u00f6r Opto-kort och rel\u00e4-kort ska monteras p\u00e5 kablaget. Str\u00f6mf\u00f6rs\u00f6rjningen till Rasberry Pi\u00b4n och v\u00e4derstationens kontrollpanel \u00e4r klar. Sedan beh\u00f6vs det bara en router och ett internet abonnemang. Telia har nollat surfpotten p\u00e5 det abonnemang vi fick l\u00e5na av Peter. Jag har best\u00e4llt ett Hallon bredband. L\u00e4ngst upp ser ni raspen i sin l\u00e5da.<\/p>\n<p>20200116 Haft v\u00e4ldigt frustrerande dag. Hallon&#8217;s bredband st\u00f6der inte PF (port forwarding) vilket g\u00f6r det om\u00f6jligt att fj\u00e4rrkonfigurera router eller raspen och det \u00e4r helt n\u00f6dv\u00e4ndigt eftersom jag beh\u00f6ver ansluta hemifr\u00e5n f\u00f6r att sk\u00f6ta allt. F\u00f6rs\u00f6kte med att konfigurera routern som en brygga, det gick inte. S\u00e5 det \u00e4r bara att byta fr\u00e5n Hallon till Telia. Telias bredband kostar 149kr per m\u00e5nad f\u00f6r 10GB. En f\u00f6rdel som detta medf\u00f6r \u00e4r att vi f\u00e5r mer surf \u00f6ver till tex video\u00f6vervakning. Jag har ett Telia sim-kort i min surfplatta som jag kan anv\u00e4nda s\u00e5 l\u00e4nge f\u00f6r att komma vidare med mina tester.<\/p>\n<p><img loading=\"lazy\" decoding=\"async\" class=\"size-full wp-image-1266 alignnone\" src=\"http:\/\/www.treaviatorer.se\/wp-content\/uploads\/2020\/01\/router.jpg\" alt=\"\" width=\"600\" height=\"520\" srcset=\"https:\/\/treaviatorer.se\/wp-content\/uploads\/2020\/01\/router.jpg 600w, https:\/\/treaviatorer.se\/wp-content\/uploads\/2020\/01\/router-300x260.jpg 300w\" sizes=\"auto, (max-width: 600px) 100vw, 600px\" \/><\/p>\n<p>20200117 Stoppat i mitt Telia sim i routern. Inga problem l\u00e4ngre,. Konfigurerat fj\u00e4rradministration av Router och Raspberry Pi\u00b4n.\u00a0 Jag har \u00e4ven putsat lite p\u00e5 f\u00f6nstret och b\u00f6rjat st\u00e4lla in sk\u00e4rpan p\u00e5 kamera modulen, det \u00e4r lite pilligt att f\u00e5 till men lite b\u00e4ttre \u00e4r det. N\u00e4sta steg \u00e4r att fixa kontrollboxen p\u00e5 stolpen till huvudsensorn p\u00e5 Janlanda och sedan montera utrustningen i klubbstugan. Det \u00e4r n\u00e4ra nu \ud83d\ude42<\/p>\n<p><img loading=\"lazy\" decoding=\"async\" class=\"size-full wp-image-1270 alignleft\" src=\"http:\/\/www.treaviatorer.se\/wp-content\/uploads\/2020\/01\/stolpe.jpg\" alt=\"\" width=\"308\" height=\"600\" srcset=\"https:\/\/treaviatorer.se\/wp-content\/uploads\/2020\/01\/stolpe.jpg 308w, https:\/\/treaviatorer.se\/wp-content\/uploads\/2020\/01\/stolpe-154x300.jpg 154w\" sizes=\"auto, (max-width: 308px) 100vw, 308px\" \/><\/p>\n<p>20200119 Nu \u00e4r monteringen p\u00e5 stolpen klar. Jag monterade s\u00e4kring och str\u00f6mbrytare i dosan som sitter p\u00e5 stolpen. Det kommer att underl\u00e4tta n\u00e4r man ska reseta eller starta om sensor paketet.<\/p>\n<p>Det \u00e5terst\u00e5r att ansluta kablarna till sp\u00e4nnings matningen i andra \u00e4nden. Min rygg tycke inte att det var en bra id\u00e9 att forts\u00e4tta med det idag.<\/p>\n<p>Det som \u00e5terst\u00e5r \u00e4r:<\/p>\n<p>Koppla in str\u00f6mf\u00f6rs\u00f6rjning till stolpen.<\/p>\n<p>Montera hyllor i f\u00f6nstren f\u00f6r raspen och v\u00e4derstationens display.<\/p>\n<p>Montera I\/O box och Router och ansluta str\u00f6mf\u00f6rs\u00f6rjningen.<\/p>\n<p>Placera raspen och displayen i f\u00f6nstret och f\u00e4sta upp kablaget som g\u00e5r till I\/O boxen.<\/p>\n<p>&nbsp;<\/p>\n<p><img loading=\"lazy\" decoding=\"async\" class=\"size-full wp-image-1276 alignnone\" src=\"http:\/\/www.treaviatorer.se\/wp-content\/uploads\/2020\/01\/tuta.jpg\" alt=\"\" width=\"600\" height=\"387\" srcset=\"https:\/\/treaviatorer.se\/wp-content\/uploads\/2020\/01\/tuta.jpg 600w, https:\/\/treaviatorer.se\/wp-content\/uploads\/2020\/01\/tuta-300x194.jpg 300w\" sizes=\"auto, (max-width: 600px) 100vw, 600px\" \/><\/p>\n<p>20200123 Gl\u00f6mde tutan. Den ska pipa ut status till omv\u00e4rlden. Bra att veta om det \u00e4r f\u00f6r varmt i l\u00e5dan. Den ska \u00e4ven meddela status p\u00e5 \u00f6vervakningen.<\/p>\n<p><img loading=\"lazy\" decoding=\"async\" class=\"size-full wp-image-1281 alignnone\" src=\"http:\/\/www.treaviatorer.se\/wp-content\/uploads\/2020\/01\/tuta2.jpg\" alt=\"\" width=\"600\" height=\"447\" srcset=\"https:\/\/treaviatorer.se\/wp-content\/uploads\/2020\/01\/tuta2.jpg 600w, https:\/\/treaviatorer.se\/wp-content\/uploads\/2020\/01\/tuta2-300x224.jpg 300w\" sizes=\"auto, (max-width: 600px) 100vw, 600px\" \/><\/p>\n<p>Volymen blev f\u00f6r l\u00e5g eftersom raspens GPIO har 3.3V niv\u00e5er och tutan ska drivas med 5V. L\u00f6sningen blev ett enkelt drivsteg best\u00e5nde av en transistor och ett motst\u00e5nd.<\/p>\n<p><img loading=\"lazy\" decoding=\"async\" class=\"size-full wp-image-1283 alignnone\" src=\"http:\/\/www.treaviatorer.se\/wp-content\/uploads\/2020\/01\/io-box2.jpg\" alt=\"\" width=\"600\" height=\"381\" srcset=\"https:\/\/treaviatorer.se\/wp-content\/uploads\/2020\/01\/io-box2.jpg 600w, https:\/\/treaviatorer.se\/wp-content\/uploads\/2020\/01\/io-box2-300x191.jpg 300w\" sizes=\"auto, (max-width: 600px) 100vw, 600px\" \/><\/p>\n<p>20200124 Nu \u00e4r I\/O-boxen klar. Str\u00f6mf\u00f6rs\u00f6rjning, rel\u00e4-kort (med plats f\u00f6r ett till) och optokopplar-kort \u00e4r monterade. S\u00e5 nu \u00e4r all h\u00e5rdvara klar och kan flyttas upp till Janlanda. Nu \u00e4r det dags att bygga en test-rigg som jag ska anv\u00e4nda till test av de applikationer som vi vill ha. Dessa applikationer beh\u00f6ver skapas f\u00f6rst och det med en hel del programmering, jag kan inte g\u00f6ra tester p\u00e5 Janlandas utrustning, koden installeras p\u00e5 raspen n\u00e4r den \u00e4r testad.<\/p>\n<p>F\u00f6rutom larm applikation s\u00e5 kommer det finnas en MQTT broker som g\u00f6r det m\u00f6jligt att ta emot data fr\u00e5n externa enheter som tex larm i v\u00e5r container. Raspen kommer \u00e4ven skicka MQTT data ut p\u00e5 internet f\u00f6r att avisera olika larm mm.<\/p>\n<p>20200220 Nu \u00e4r v\u00e4derstationen i drift. Om man j\u00e4mf\u00f6r vindhastigheten med<a href=\"https:\/\/holfuy.com\/en\/weather\/126\" target=\"_blank\" rel=\"noopener noreferrer\"> v\u00e4derstationen i vitem\u00f6lla <\/a>s\u00e5 \u00e4r den l\u00e4gre men v\u00e5r station \u00e4r placerad l\u00e4ngre in fr\u00e5n kusten och har en hel del tr\u00e4d som bromsar vinden. Jag hoppas att vi inte beh\u00f6ver f\u00f6rl\u00e4nga r\u00f6ret som givaren sitter p\u00e5.<\/p>\n<p>Till en b\u00f6rjan visade kontrollpanelen ett v\u00e4rde typ 4,5 m\/s men programmet i raspen visade 0,1 m\/s det tog en halv dag att hitta felet. Det var drivrutinens kod som kompenserade f\u00f6r en gammal bugg fr\u00e5n 2016 i v\u00e4derstationen men som tydligen \u00e4r \u00e5tg\u00e4rdad i stationen vi har k\u00f6pt. N\u00e4r jag hittade var i koden som felet l\u00e5g s\u00e5 var det l\u00e4tt att \u00e5tg\u00e4rda.<\/p>\n<p>Bilderna som v\u00e4derkameran tar har f\u00f6r oj\u00e4mn kvalit\u00e9. Jag kommer att prova olika placeringar och experimentera med koden f\u00f6r att \u00f6ka kvalit\u00e9n.<\/p>\n<p>20200222 Jag misst\u00e4nker \u00e4tt kameran beh\u00f6ver ett ir filter, vi f\u00e5r kanske byta kamera modulen eller linsen.<\/p>\n<p>Den visade vindhastigheten har varit f\u00f6r l\u00e5g. Efter mycket experimenterande med koden har jag kommit fram till att stationen skickar RAW datat i r\u00e4tt format och beh\u00f6ver inte konverteras. N\u00e4r jag gick f\u00f6rbi konverteringen i drivrutinen s\u00e5 b\u00f6rjade det st\u00e4mma med vad <a href=\"https:\/\/holfuy.com\/en\/weather\/126\" target=\"_blank\" rel=\"noopener noreferrer\">holfuy stationen i vitem\u00f6lla<\/a> visar. Detta \u00e4r en ren gissning fr\u00e5n min sida eftersom det inte g\u00e5r att f\u00e5 tag p\u00e5 information om vad stationen skickar f\u00f6r data och vilket format det \u00e4r.<\/p>\n<p>Efter dag med inh\u00e4mtade vinddata s\u00e5 \u00e4r de p\u00e5 Janlanda mycket h\u00f6gre \u00e4n de p\u00e5 Vitem\u00f6lla s\u00e5 jag har \u00e5terst\u00e4llt konverteringen i koden. Vinden borde vara lite svagare p\u00e5 Janlanda \u00e4n ute vid havet. Dessutom s\u00e5 d\u00e4mpar nog tr\u00e4den ytterligare. Det \u00e4r sv\u00e5rt att gissa utan att veta vad displayen till v\u00e4derstationen visar. Jag f\u00e5r helt enkelt \u00e5ka upp till Janlanda och justera koden n\u00e4r jag ser vad displayen visar.<\/p>\n<p>Jag har best\u00e4llt ett IR Cut filter fr\u00e5n BG, det tar v\u00e4l 3-4 veckor att f\u00e5 det om inte corona viruset g\u00f6r att det blir f\u00f6rsenat.<\/p>\n<p><img loading=\"lazy\" decoding=\"async\" class=\"size-full wp-image-1315 alignnone\" src=\"http:\/\/www.treaviatorer.se\/wp-content\/uploads\/2020\/02\/testrigg.jpg\" alt=\"\" width=\"800\" height=\"592\" srcset=\"https:\/\/treaviatorer.se\/wp-content\/uploads\/2020\/02\/testrigg.jpg 800w, https:\/\/treaviatorer.se\/wp-content\/uploads\/2020\/02\/testrigg-300x222.jpg 300w, https:\/\/treaviatorer.se\/wp-content\/uploads\/2020\/02\/testrigg-768x568.jpg 768w\" sizes=\"auto, (max-width: 800px) 100vw, 800px\" \/><\/p>\n<p>20200223 Nu \u00e4r testriggen klar. Dags att b\u00f6rja p\u00e5 \u00f6vervaknings funktionerna.<\/p>\n<p><img loading=\"lazy\" decoding=\"async\" class=\"size-full wp-image-1337 alignnone\" src=\"http:\/\/www.treaviatorer.se\/wp-content\/uploads\/2020\/04\/pi4.jpg\" alt=\"\" width=\"800\" height=\"484\" srcset=\"https:\/\/treaviatorer.se\/wp-content\/uploads\/2020\/04\/pi4.jpg 800w, https:\/\/treaviatorer.se\/wp-content\/uploads\/2020\/04\/pi4-300x182.jpg 300w, https:\/\/treaviatorer.se\/wp-content\/uploads\/2020\/04\/pi4-768x465.jpg 768w\" sizes=\"auto, (max-width: 800px) 100vw, 800px\" \/><\/p>\n<p>20200315 Byggt ihop en ny webserver. Det \u00e4r en Raspberry pi 4 med 4GB minne och en ssd disk p\u00e5 64GB. Den och mitt nya bredband kommer att snabba upp hemsidan. Det g\u00e5r fram\u00e5t.<\/p>\n<p><img loading=\"lazy\" decoding=\"async\" class=\"size-full wp-image-1338 alignnone\" src=\"http:\/\/www.treaviatorer.se\/wp-content\/uploads\/2020\/04\/lock.jpg\" alt=\"\" width=\"800\" height=\"464\" srcset=\"https:\/\/treaviatorer.se\/wp-content\/uploads\/2020\/04\/lock.jpg 800w, https:\/\/treaviatorer.se\/wp-content\/uploads\/2020\/04\/lock-300x174.jpg 300w, https:\/\/treaviatorer.se\/wp-content\/uploads\/2020\/04\/lock-768x445.jpg 768w\" sizes=\"auto, (max-width: 800px) 100vw, 800px\" \/><\/p>\n<p>20200329 Jag har byggt om l\u00e5set till klubbstugan s\u00e5 att det kan sl\u00e5 p\u00e5 och st\u00e4nga av larmet.<\/p>\n<p>20220101. Vi har tagit v\u00e4derstationen ur drift, vi beh\u00f6ver spara p\u00e5 str\u00f6mmen. Solcellspanelerna klar inte att ladda batterierna n\u00e4r det \u00e4r s\u00e5 lite sol.<\/p>\n<p>20230506 V\u00e4derstationen \u00e4r ig\u00e5ng.<\/p>\n","protected":false},"excerpt":{"rendered":"<p>20191007. Jag har testat att ansluta Raspberry&#8217;n till v\u00e5rt internet modem och kommunikationen mot v\u00e5r hemsida fungerar som den ska. Tillsvidare anv\u00e4nder jag mitt internet f\u00f6r att spara p\u00e5 v\u00e5r surfpott. 20191010. Peter och jag har f\u00f6rberett montering av v\u00e4derstationen p\u00e5 Janlanda. Vi har gr\u00e4vt ned en kabel f\u00f6r str\u00f6mf\u00f6rs\u00f6rjningen <a href=\"https:\/\/treaviatorer.se\/?page_id=1191\" class=\"btn btn-link continue-link\">Forts\u00e4tt l\u00e4sa<\/a><\/p>\n","protected":false},"author":1,"featured_media":0,"parent":0,"menu_order":0,"comment_status":"closed","ping_status":"closed","template":"","meta":{"footnotes":""},"class_list":["post-1191","page","type-page","status-publish","hentry"],"_links":{"self":[{"href":"https:\/\/treaviatorer.se\/index.php?rest_route=\/wp\/v2\/pages\/1191","targetHints":{"allow":["GET"]}}],"collection":[{"href":"https:\/\/treaviatorer.se\/index.php?rest_route=\/wp\/v2\/pages"}],"about":[{"href":"https:\/\/treaviatorer.se\/index.php?rest_route=\/wp\/v2\/types\/page"}],"author":[{"embeddable":true,"href":"https:\/\/treaviatorer.se\/index.php?rest_route=\/wp\/v2\/users\/1"}],"replies":[{"embeddable":true,"href":"https:\/\/treaviatorer.se\/index.php?rest_route=%2Fwp%2Fv2%2Fcomments&post=1191"}],"version-history":[{"count":47,"href":"https:\/\/treaviatorer.se\/index.php?rest_route=\/wp\/v2\/pages\/1191\/revisions"}],"predecessor-version":[{"id":1661,"href":"https:\/\/treaviatorer.se\/index.php?rest_route=\/wp\/v2\/pages\/1191\/revisions\/1661"}],"wp:attachment":[{"href":"https:\/\/treaviatorer.se\/index.php?rest_route=%2Fwp%2Fv2%2Fmedia&parent=1191"}],"curies":[{"name":"wp","href":"https:\/\/api.w.org\/{rel}","templated":true}]}}